site number?
True
Is 268774237 a composite number?
True
Is 12395748503 a prime number?
False
Is 5702324167 a prime number?
True
Is 24883134589 prime?
True
Is 1040363957 a prime number?
True
Is 657658007 a prime number?
True
Is 96705393 a composite number?
True
Is 54304537 a prime number?
False
Is 13661254727 a composite number?
False
Is 1023417191 a composite number?
True
Is 188461894111 prime?
False
Is 24909453319 a composite number?
False
Is 13949310189 a composite number?
True
Is 5434895317 composite?
True
Is 33798879199 composite?
False
Is 1419574223 composite?
True
Is 7108829549 prime?
False
Is 8595749101 prime?
True
Is 62816231111 a prime number?
False
Is 20666054567 a composite number?
True
Is 2063526677 a composite number?
True
Is 490943953 a composite number?
True
Is 279355429 a prime number?
False
Is 6218273 prime?
False
Is 10209765109 a prime number?
True
Is 104025713 a composite number?
True
Is 8757197921 composite?
False
Is 1090330573 a prime number?
False
Is 1758022951 composite?
True
Is 5105014661 a prime number?
False
Is 183967908191 a prime number?
False
Is 698936978 composite?
True
Is 4914839509 prime?
True
Is 40117850657 a prime number?
True
Is 1246158821 a prime number?
True
Is 444301961 a composite number?
True
Is 1216558667 prime?
True
Is 3940180409 a prime number?
False
Is 2615744479 composite?
True
Is 277981787 composite?
False
Is 744269551 prime?
True
Is 9150179377 composite?
True
Is 134466083 composite?
False
Is 622364937 composite?
True
Is 9425773739 a composite number?
True
Is 439094101 composite?
False
Is 24347444089 prime?
False
Is 58633889 a prime number?
False
Is 224188477 prime?
True
Is 23641909621 a composite number?
True
Is 272159449 a prime number?
False
Is 449021014999 a composite number?
True
Is 1352486521 prime?
True
Is 516519643 a composite number?
True
Is 58272777022 prime?
False
Is 10764764501 composite?
False
Is 31753324303 composite?
False
Is 744406609 prime?
True
Is 1410821389 composite?
False
Is 295474357 a prime number?
False
Is 6346887023 a prime number?
True
Is 11246446193 prime?
True
Is 17415837001 a prime number?
True
Is 541823083 prime?
True
Is 8039893003 prime?
False
Is 537367073 a composite number?
False
Is 65447182 prime?
False
Is 918674839 prime?
True
Is 780237553 composite?
True
Is 4513931495 a composite number?
True
Is 1987590760759 a prime number?
True
Is 4462635137 a composite number?
False
Is 42579435641 composite?
False
Is 19550828953 prime?
True
Is 107481711751 composite?
True
Is 6647988247 composite?
False
Is 16062105179 a prime number?
False
Is 3435294319 a composite number?
True
Is 4952008259 prime?
False
Is 5018422913 a composite number?
True
Is 1195226569 a prime number?
True
Is 388313081 prime?
False
Is 15618195493 a composite number?
False
Is 45227764893 a prime number?
False
Is 187643129 a prime number?
False
Is 738756229 a composite number?
False
Is 907394743 a composite number?
True
Is 33008737009 prime?
True
Is 1808291923 composite?
True
Is 3977774987 prime?
False
Is 837267383 a composite number?
True
Is 32726587651 a composite number?
False
Is 18863465581 composite?
False
Is 22625034097 prime?
True
Is 172466801 prime?
False
Is 7618724119 composite?
False
Is 235779637 composite?
True
Is 1104561257 a composite number?
True
Is 7795955873 composite?
True
Is 216500191 composite?
True
Is 21199994593 a prime number?
False
Is 15933890741 composite?
True
Is 3567065363 prime?
True
Is 3156624791 a composite number?
False
Is 2868533971 a composite number?
True
Is 12535256873 a prime number?
False
Is 1705595065 prime?
False
Is 165220878439 composite?
True
Is 605182595 a prime number?
False
Is 825319657 a prime number?
False
Is 15215093567 composite?
False
Is 158179852055 prime?
False
Is 13877670619 composite?
True
Is 832301017 composite?
False
Is 13486357627 a composite number?
True
Is 2029137087 composite?
True
Is 7689035353 a composite number?
False
Is 35605976909 prime?
True
Is 45589309939 composite?
True
Is 12726984629 a composite number?
True
Is 21181571603 a prime number?
False
Is 2968519601 prime?
False
Is 14136361795 a composite number?
True
Is 124909009 a composite number?
True
Is 12871050457 a composite number?
False
Is 10882775609 a prime number?
True
Is 2220824051 a prime number?
False
Is 4382618963 prime?
True
Is 6884935001 a prime number?
False
Is 1753160953 a composite number?
True
Is 664160669 prime?
False
Is 21117653393 composite?
True
Is 398667531 a composite number?
True
Is 452026412809 composite?
False
Is 1545913709 a prime number?
True
Is 3037797149 a composite number?
False
Is 1626404341 a prime number?
False
Is 1061963423 composite?
False
Is 27978539233 a prime number?
True
Is 23239744601 composite?
True
Is 44016751855 prime?
False
Is 10363651055 prime?
False
Is 64343270051 a prime number?
True
Is 1285855762 a composite number?
True
Is 11667651481 composite?
True
Is 1247281153 a composite number?
False
Is 701273317 a composite number?
True
Is 1594946555 a composite number?
True
Is 2824742231 prime?
True
Is 35613506987 composite?
False
Is 3483552523 prime?
False
Is 729534331 a prime number?
True
Is 12327150233 composite?
False
Is 10594815711 a composite number?
True
Is 7140252881 composite?
True
Is 60822724223 a prime number?
False
Is 4169279021 prime?
True
Is 868615733 composite?
False
Is 171554321 a prime number?
False
Is 1052562694 prime?
False
Is 10131930121 prime?
False
Is 415968523 prime?
True
Is 5844876509 a composite number?
True
Is 1271899613 a prime number?
False
Is 4247098963 prime?
False
Is 556708321 composite?
True
Is 10631417113 composite?
True
Is 90811937 composite?
True
Is 13055011829 prime?
True
Is 1226801053 prime?
False
Is 48793847105 a prime number?
False
Is 12201003553 a prime number?
True
Is 49795137703 prime?
True
Is 25596632443 a composite number?
False
Is 1272878741 prime?
False
Is 34583976629 a composite number?
True
Is 210614797 a prime number?
False
Is 3005820049 composite?
True
Is 137661553 a composite number?
False
Is 6926508911 composite?
True
Is 2174304001 a composite number?
True
Is 10737977741 a prime number?
True
Is 14076474889 a prime number?
False
Is 29675305601 composite?
False
Is 1971117121 a prime number?
True
Is 1841600641 prime?
True
Is 2271559399 a composite number?
False
Is 93817567223 prime?
True
Is 968378401 prime?
True
Is 734898873 a composite number?
True
Is 38442137 a composite number?
False
Is 3393831527 a composite number?
False
Is 2431431161 composite?
False
Is 1754362517 prime?
True
Is 13171498937 prime?
True
Is 567004169 composite?
True
Is 225641926 a prime number?
False
Is 895860293 prime?
True
Is 870211681 a composite number?
False
Is 7352736933 composite?
True
Is 668757757 a composite number?
False
Is 1323884069 a composite number?
False
Is 3754076539 prime?
True
Is 23672552249 a prime number?
True
Is 5367230179 a prime number?
True
Is 91581177781 prime?
False
Is 13749277159 prime?
True
Is 13522074863 composite?
True
Is 70618515641 composite?
True
Is 15403445762 a prime number?
False
Is 5715705161 a composite number?
True
Is 2544309769 a prime number?
True
Is 2008813451 composite?
False
Is 361167529 a composite number?
False
Is 237527557 composite?
True
Is 490950661 a prime number?
True
Is 78445776561 prime?
False
Is 3807315197 composite?
True
Is 2225404211 a composite number?
False
Is 9265716399 composite?
True
Is 715615279 composite?
True
Is 2823436205 a prime number?
False
Is 14270863771 a composite number?
True
Is 542769991 a composite number?
True
Is 7847353573 a composite number?
False
Is 3491946607 a composite number?
True
Is 3826432273 prime?
True
Is 743107361 a prime number?
False
Is 4720955191 composite?
False
Is 22140009301 composite?
False
Is 76434167 prime?
True
Is 8844653 prime?
True
Is 937924291 a composite number?
True
Is 7524618103 a prime number?
True
Is 2964379307 a prime number?
False
Is 139186242743 composite?
True
Is 7114677457 a prime number?
True
Is 901617319 prime?
False
Is 1244336351 prime?
False
Is 39551452039 a prime number?
False
Is 9461885879 prime?
True
Is 20996978269 composite?
True
Is 1727729209 a composite number?
True
Is 30463084409 prime?
True
Is 68185787 a composite number?
False
Is 2089712801 a composite number?
True
Is 1188479099 composite?
False
Is 8006839219 p